{"id":278,"date":"2017-04-04T13:47:57","date_gmt":"2017-04-04T13:47:57","guid":{"rendered":"http:\/\/certait.pl\/?page_id=278"},"modified":"2020-03-11T16:25:33","modified_gmt":"2020-03-11T16:25:33","slug":"andrzej","status":"publish","type":"page","link":"http:\/\/certait.pl\/index.php\/andrzej\/","title":{"rendered":"Andrzej"},"content":{"rendered":"<p>Pierwszy komputer na kt\u00f3rym pracowa\u0142 to Commodore C64 na kt\u00f3rym programowa\u0142 w Basicu z niemieckich instrukcji. Systemy z rodziny Windows zna bardzo dobrze. Aktywnie bierze udzia\u0142 w testach nowych system\u00f3w. Umiej\u0119tno\u015bci potwierdza certyfikatami Microsoft. Administruje tak\u017ce Linuxami z rodziny Red Hat (CentOS). Wirtualizuje za pomoc\u0105 VMware i Hyper-v. Posiada szerok\u0105 wiedz\u0119 nt. sieci zar\u00f3wno przewodowych jak i bezprzewodowych. Konsola Cisco mu nie straszna, ale administruje te\u017c przez interfejsy webowe. Praktyk ITIL, zna i stosuje najlepsze praktyki sprawdzone w firmach produkcyjnych, us\u0142ugowych czy handlu detalicznym. Potrafi pos\u0142ugiwa\u0107 si\u0119 zar\u00f3wno metodykami kaskadowymi jak i zwinnymi (AgilePM) podczas prowadzenia projekt\u00f3w. Bezpiecze\u0144stwo system\u00f3w jest jego hobby. Zawsze projektuje infrastruktur\u0119 ze \u015bwiadomo\u015bci\u0105 bezpiecze\u0144stwa system\u00f3w i ich u\u017cyteczno\u015bci.&nbsp;<\/p>\n","protected":false},"excerpt":{"rendered":"<p>Pierwszy komputer na kt\u00f3rym pracowa\u0142 to Commodore C64 na kt\u00f3rym programowa\u0142 w Basicu z niemieckich instrukcji. Systemy z rodziny Windows zna bardzo dobrze. Aktywnie bierze udzia\u0142 w testach nowych system\u00f3w. Umiej\u0119tno\u015bci potwierdza certyfikatami Microsoft. Administruje tak\u017ce Linuxami z rodziny Red [&hellip;]<\/p>\n","protected":false},"author":1,"featured_media":265,"parent":0,"menu_order":0,"comment_status":"closed","ping_status":"closed","template":"page-templates\/single-employee.php","meta":[],"_links":{"self":[{"href":"http:\/\/certait.pl\/index.php\/wp-json\/wp\/v2\/pages\/278"}],"collection":[{"href":"http:\/\/certait.pl\/index.php\/wp-json\/wp\/v2\/pages"}],"about":[{"href":"http:\/\/certait.pl\/index.php\/wp-json\/wp\/v2\/types\/page"}],"author":[{"embeddable":true,"href":"http:\/\/certait.pl\/index.php\/wp-json\/wp\/v2\/users\/1"}],"replies":[{"embeddable":true,"href":"http:\/\/certait.pl\/index.php\/wp-json\/wp\/v2\/comments?post=278"}],"version-history":[{"count":4,"href":"http:\/\/certait.pl\/index.php\/wp-json\/wp\/v2\/pages\/278\/revisions"}],"predecessor-version":[{"id":350,"href":"http:\/\/certait.pl\/index.php\/wp-json\/wp\/v2\/pages\/278\/revisions\/350"}],"wp:featuredmedia":[{"embeddable":true,"href":"http:\/\/certait.pl\/index.php\/wp-json\/wp\/v2\/media\/265"}],"wp:attachment":[{"href":"http:\/\/certait.pl\/index.php\/wp-json\/wp\/v2\/media?parent=278"}],"curies":[{"name":"wp","href":"https:\/\/api.w.org\/{rel}","templated":true}]}}